{"id":588,"date":"2022-11-14T13:03:06","date_gmt":"2022-11-14T13:03:06","guid":{"rendered":"https:\/\/tw10.com.br\/megaword\/?post_type=product&#038;p=588"},"modified":"2022-11-14T13:03:06","modified_gmt":"2022-11-14T13:03:06","slug":"caixinha-de-som-computador-usb","status":"publish","type":"product","link":"https:\/\/megaword.com.br\/?product=caixinha-de-som-computador-usb","title":{"rendered":"Caixinha De Som Computador Usb"},"content":{"rendered":"<p>-Caixa de Som USB com estilo clean e elegante.<br \/>\n-Som de alt\u00edssima qualidade.<br \/>\n-Conex\u00e3o Plug and Play.<br \/>\n-Ideal para notebook, celulares, computadores, entre outros.<br \/>\n&#8211; Som de alta qualidade, contando com 2 caixas de 3w.<br \/>\n&#8211; Design moderno e elegante, al\u00e9m de ser compacto, facilitando o transporte<br \/>\n&#8211; Plug and Play<br \/>\n&#8211; Ideal para notebook, netbook, celulares, computadores, entre outros<\/p>\n<p>Marca: Brazil Pc<br \/>\nModelo: Bpc-D02l<\/p>\n<p>Especifica\u00e7\u00f5es:<br \/>\nPot\u00eancia de sa\u00edda: 3Wx2 RMS<br \/>\nRela\u00e7\u00e3o sinal-ru\u00eddo: 60dB<br \/>\nResposta de frequ\u00eancia: 90Hz\/20KHz<br \/>\nTens\u00e3o de alimenta\u00e7\u00e3o: DC5V<br \/>\nAlto-Falantes: 52mmX2<br \/>\nGrau de separa\u00e7\u00e3o: 70dB<br \/>\nImped\u00e2ncia padr\u00e3o: 4 omega<br \/>\nConex\u00e3o: P2\/USB<\/p>\n<p>A caixa de som Bpc-D02l \u00e9 compacta e leve ideal para quem n\u00e3o quer ocupar muito espa\u00e7o da \u00e1rea de trabalho, e amplificar o som de v\u00eddeos e m\u00fasicas do Smartphone.<\/p>\n","protected":false},"excerpt":{"rendered":"<p class=\"ui-pdp-description__title\">Perfeita para ser utilizada em Notebooks e celulares, ela \u00e9 compacta e t\u00eam baixo consumo de energia. Potente, conta com 3W x 2 RMS, controle de volume e conector P2 3,5mm compat\u00edvel com uma grande gama de produtos e marcas como celulares, notebooks, computadores, tablets, smartphones e muito mais! Reproduzir o som para ambiente desejado. \u00c9 s\u00f3 plugar e aproveitar.<\/p>\n","protected":false},"featured_media":589,"comment_status":"open","ping_status":"closed","template":"","meta":{"_acf_changed":false},"product_brand":[],"product_cat":[51,54],"product_tag":[],"class_list":{"0":"post-588","1":"product","2":"type-product","3":"status-publish","4":"has-post-thumbnail","6":"product_cat-acessorios-e-perifericos","7":"product_cat-caixa-de-som","9":"first","10":"instock","11":"shipping-taxable","12":"purchasable","13":"product-type-simple"},"acf":[],"_links":{"self":[{"href":"https:\/\/megaword.com.br\/index.php?rest_route=\/wp\/v2\/product\/588","targetHints":{"allow":["GET"]}}],"collection":[{"href":"https:\/\/megaword.com.br\/index.php?rest_route=\/wp\/v2\/product"}],"about":[{"href":"https:\/\/megaword.com.br\/index.php?rest_route=\/wp\/v2\/types\/product"}],"replies":[{"embeddable":true,"href":"https:\/\/megaword.com.br\/index.php?rest_route=%2Fwp%2Fv2%2Fcomments&post=588"}],"wp:featuredmedia":[{"embeddable":true,"href":"https:\/\/megaword.com.br\/index.php?rest_route=\/wp\/v2\/media\/589"}],"wp:attachment":[{"href":"https:\/\/megaword.com.br\/index.php?rest_route=%2Fwp%2Fv2%2Fmedia&parent=588"}],"wp:term":[{"taxonomy":"product_brand","embeddable":true,"href":"https:\/\/megaword.com.br\/index.php?rest_route=%2Fwp%2Fv2%2Fproduct_brand&post=588"},{"taxonomy":"product_cat","embeddable":true,"href":"https:\/\/megaword.com.br\/index.php?rest_route=%2Fwp%2Fv2%2Fproduct_cat&post=588"},{"taxonomy":"product_tag","embeddable":true,"href":"https:\/\/megaword.com.br\/index.php?rest_route=%2Fwp%2Fv2%2Fproduct_tag&post=588"}],"curies":[{"name":"wp","href":"https:\/\/api.w.org\/{rel}","templated":true}]}}